e
Does 10 divide 921?
False
Is 31 a factor of 8525?
True
Is 9 a factor of 6282?
True
Does 13 divide 3241?
False
Is 10962 a multiple of 9?
True
Is 114 a factor of 2394?
True
Does 44 divide 1178?
False
Is 15 a factor of 4335?
True
Is 184 a factor of 10480?
False
Is 506 a multiple of 22?
True
Is 1205 a multiple of 29?
False
Is 23891 a multiple of 20?
False
Is 18930 a multiple of 83?
False
Is 406 a multiple of 14?
True
Is 267 a factor of 14007?
False
Is 17113 a multiple of 10?
False
Does 41 divide 82?
True
Is 5 a factor of 21410?
True
Is 544 a multiple of 17?
True
Is 3 a factor of 9123?
True
Is 414 a multiple of 11?
False
Does 37 divide 2961?
False
Is 566 a multiple of 13?
False
Is 392 a multiple of 56?
True
Is 2 a factor of 45?
False
Is 4 a factor of 208?
True
Is 3007 a multiple of 61?
False
Is 24 a factor of 199728?
True
Is 48 a factor of 2178?
False
Is 8 a factor of 26?
False
Is 801 a multiple of 89?
True
Is 4 a factor of 1166?
False
Is 1895 a multiple of 66?
False
Does 168 divide 15408?
False
Is 1258 a multiple of 13?
False
Is 6104 a multiple of 37?
False
Is 845 a multiple of 169?
True
Does 54 divide 1782?
True
Does 15 divide 391?
False
Is 12 a factor of 95218?
False
Is 1356 a multiple of 11?
False
Is 515 a multiple of 14?
False
Is 4703 a multiple of 18?
False
Is 1955 a multiple of 16?
False
Does 23 divide 345?
True
Is 6 a factor of 888?
True
Is 21 a factor of 24738?
True
Does 34 divide 8436?
False
Is 67 a factor of 4690?
True
Is 19 a factor of 1520?
True
Is 17 a factor of 561?
True
Is 33 a factor of 10659?
True
Is 30 a factor of 4230?
True
Is 37 a factor of 1867?
False
Is 21587 a multiple of 24?
False
Does 36 divide 3780?
True
Is 624 a multiple of 24?
True
Is 4389 a multiple of 33?
True
Does 9 divide 2691?
True
Is 9 a factor of 90?
True
Is 20 a factor of 140?
True
Does 44 divide 2362?
False
Does 6 divide 232?
False
Is 3548 a multiple of 12?
False
Is 4636 a multiple of 12?
False
Is 739 a multiple of 28?
False
Is 795 a multiple of 7?
False
Does 11 divide 4202?
True
Is 2358 a multiple of 131?
True
Does 10 divide 12094?
False
Is 531 a multiple of 26?
False
Does 13 divide 9425?
True
Does 2 divide 84?
True
Does 7 divide 21219?
False
Is 64 a factor of 59264?
True
Is 3433 a multiple of 177?
False
Is 82 a factor of 32736?
False
Is 306 a factor of 14382?
True
Does 2 divide 1121?
False
Is 16 a factor of 528?
True
Does 8 divide 1000?
True
Is 288 a multiple of 12?
True
Is 7 a factor of 16034?
False
Is 645 a multiple of 15?
True
Is 64 a factor of 1920?
True
Is 67620 a multiple of 28?
True
Does 9 divide 3816?
True
Is 6 a factor of 1794?
True
Does 24 divide 312?
True
Is 20 a factor of 3070?
False
Is 60 a factor of 1200?
True
Is 6 a factor of 492?
True
Is 310 a multiple of 10?
True
Is 8652 a multiple of 206?
True
Is 204 a multiple of 6?
True
Does 51 divide 4947?
True
Is 481 a multiple of 13?
True
Is 3465 a multiple of 105?
True
Does 87 divide 221?
False
Is 21800 a multiple of 5?
True
Does 5 divide 140?
True
Is 5 a factor of 17997?
False
Is 26 a factor of 754?
True
Is 67192 a multiple of 227?
True
Does 74 divide 4924?
False
Does 39 divide 3709?
False
Is 2390 a multiple of 10?
True
Is 10 a factor of 52633?
False
Does 20 divide 534?
False
Is 17 a factor of 26158?
False
Is 28 a factor of 7109?
False
Is 9 a factor of 233?
False
Is 113 a factor of 1921?
True
Is 52 a factor of 21996?
True
Is 25 a factor of 68?
False
Is 15 a factor of 105?
True
Is 38 a factor of 15352?
True
Is 5982 a multiple of 32?
False
Does 4 divide 88?
True
Is 3 a factor of 342?
True
Does 12 divide 34296?
True
Is 38 a factor of 7224?
False
Is 18 a factor of 72?
True
Is 27 a factor of 654?
False
Does 46 divide 925?
False
Is 3201 a multiple of 3?
True
Is 6 a factor of 13610?
False
Is 117 a factor of 19890?
True
Does 4 divide 308?
True
Is 9205 a multiple of 8?
False
Is 608 a multiple of 50?
False
Is 1247 a multiple of 41?
False
Does 104 divide 2858?
False
Is 360 a multiple of 9?
True
Is 131 a multiple of 6?
False
Is 10 a factor of 530?
True
Does 9 divide 1063?
False
Is 19890 a multiple of 23?
False
Does 3 divide 21?
True
Does 6 divide 2107?
False
Does 48 divide 23560?
False
Is 22 a factor of 10822?
False
Does 21 divide 9975?
True
Does 19 divide 817?
True
Does 11 divide 891?
True
Is 837 a multiple of 3?
True
Is 15984 a multiple of 36?
True
Does 11 divide 2431?
True
Does 10 divide 1160?
True
Does 124 divide 7812?
True
Is 51 a factor of 384?
False
Does 43 divide 70305?
True
Does 24 divide 864?
True
Is 10 a factor of 680?
True
Does 14 divide 994?
True
Is 15 a factor of 5136?
False
Does 30 divide 1811?
False
Is 219 a factor of 53874?
True
Is 51 a factor of 949?
False
Is 132 a multiple of 33?
True
Is 83 a factor of 23891?
False
Does 113 divide 6893?
True
Is 28 a factor of 391?
False
Does 8 divide 728?
True
Is 9 a factor of 5687?
False
Is 54180 a multiple of 18?
True
Does 23 divide 4993?
False
Is 4851 a multiple of 99?
True
Does 5 divide 10566?
False
Is 890 a multiple of 14?
False
Is 8 a factor of 5739?
False
Is 5332 a multiple of 4?
True
Does 6 divide 828?
True
Is 59450 a multiple of 41?
True
Is 14 a factor of 70?
True
Does 12 divide 9876?
True
Is 267 a factor of 62974?
False
Is 41085 a multiple of 266?
False
Does 43 divide 1247?
True
Is 3148 a multiple of 14?
False
Is 40 a factor of 27360?
True
Does 50 divide 8400?
True
Does 16 divide 208?
True
Is 2990 a multiple of 7?
False
Does 321 divide 50230?
False
Does 47 divide 36341?
False
Is 49 a factor of 1029?
True
Is 25 a factor of 2323?
False
Is 14211 a multiple of 9?
True
Is 16 a factor of 1136?
True
Is 34 a factor of 2074?
True
Does 9 divide 1184?
False
Is 634 a multiple of 25?
False
Is 165 a multiple of 45?
False
Is 1641 a multiple of 86?
False
Is 249 a factor of 133464?
True
Is 1334 even?
True
Is 19090 a multiple of 46?
True
Is 1344 a multiple of 84?
True
Is 58 a multiple of 29?
True
Is 207 a factor of 9108?
True
Is 63 a factor of 7295?
False
Is 98 a multiple of 4?
False
Does 41 divide 656?
True
Is 121 a factor of 21023?
False
Does 10 divide 2340?
True
Is 4348 a multiple of 7?
False
Is 5 a factor of 16035?
True
Is 3853 a multiple of 41?
False
Is 95 a factor of 1710?
True
Does 21 divide 1781?
False
Is 29 a factor of 36946?
True
Is 49500 a multiple of 50?
True
Is 98 a factor of 34894?
False
Does 18 divide 1617?
False
Does 7 divide 2271?
False
Does 2 divide 8?
True
Does 12 divide 6695?
False
Does 32 divide 290?
False
Does 10 divide 680?
True
Is 486 a multiple of 9?
True
Does 5 divide 860?
True
Does 20 divide 170?
False
Does 41 divide 62841?
False
Is 55 a factor of 6125?
False
Is 31 a factor of 54217?
False
Is 253 a multiple of 51?
False
Is 21 a factor of 267?
False
Is 673 a multiple of 32?
False
Is 23 a factor of 690?
True
Does 142 divide 16046?
True
Is 7997 a multiple of 11?
True
Does 12 divide 426?
False
Is 10 a factor of 10?
True
Is 27741 a multiple of 7?
True
Is 35774 a multiple of 61?
False
Does 177 divide 1062?
True
Is 30 a factor of 390?
True
Does 9 divide 904?
False
Is 32 a factor of 9536?
True
Does 71 divide 284?
True
Is 21855 a multiple of 31?
True
Is 7707 a multiple of 10?
False
Does 14 divide 35303?
False
Is 1690 a multiple of 26?
True
Does 35 divide 27130?
False
Does 174 divide 5729?
False
Is 3976 a multiple of 14?
True
Does 8 divide 81?
False
Is 1060 a multiple of 20?
True
Is 9 a factor of 10467?
True
Is 5 a factor of 257?
False
Is 149 a factor of 11771?
True
Does 160 divide 3817?
False
Is 4 a factor of 27795?
False
Does 104 divide 36583?
False
Is 34 a factor of 1094?
False
Is 105 a factor of 4482?
False
Is 6714 a multiple of 18?
True
Does 28 divide 32851?
False
Is 830 a multiple of 5?
True
Is 2812 a multiple of 19?
True
Is 358 a multiple of 45?
False
Does 3 divide 2047?
False
Is 481 a multiple of 12?
False
Does 6 divide 3423?
False
Is 10 a factor of 1116?
False
Is 2 a factor of 239?
False
Does 182 divide 56966?
True
Is 35875 a multiple of 125?
True
Does 14 divide 14356?
False
Does 11 divide 21802?
True
Is 32 a factor of 11458?
False
Does 57 divide 21771?
False
Is 6 a factor of 12506?
False
Is 6639 a multiple of 12?
False
Does 66 divide 1317?
False
Is 6 a factor of 2298?
True
Is 249 a factor of 37101?
True
Is 2070 a multiple of 15?
True
Is 10 a factor of 273?
False
Is 23 a multiple of 3?
False
Is 2848 a multiple of 2?
True
Is 30 a factor 